{"id":14,"date":"2024-02-29T14:10:41","date_gmt":"2024-02-29T17:10:41","guid":{"rendered":"https:\/\/apaeitaunamg.org.br\/site\/?page_id=14"},"modified":"2024-03-03T23:41:18","modified_gmt":"2024-03-04T02:41:18","slug":"post","status":"publish","type":"page","link":"https:\/\/apaeitaunamg.org.br\/site\/post\/","title":{"rendered":"Post"},"content":{"rendered":"\t\t<div data-elementor-type=\"wp-page\" data-elementor-id=\"14\" class=\"elementor elementor-14\" data-elementor-post-type=\"page\">\n\t\t\t\t<div class=\"elementor-element elementor-element-fb9a2f5 e-flex e-con-boxed e-con e-parent\" data-id=\"fb9a2f5\" data-element_type=\"container\">\n\t\t\t\t\t<div class=\"e-con-inner\">\n\t\t\t\t<div class=\"elementor-element elementor-element-335e687 elementor-widget elementor-widget-spacer\" data-id=\"335e687\" data-element_type=\"widget\" data-widget_type=\"spacer.default\">\n\t\t\t\t<div class=\"elementor-widget-container\">\n\t\t\t\t\t<div class=\"elementor-spacer\">\n\t\t\t<div class=\"elementor-spacer-inner\"><\/div>\n\t\t<\/div>\n\t\t\t\t<\/div>\n\t\t\t\t<\/div>\n\t\t<div class=\"elementor-element elementor-element-8a68b81 e-flex e-con-boxed e-con e-child\" data-id=\"8a68b81\" data-element_type=\"container\">\n\t\t\t\t\t<div class=\"e-con-inner\">\n\t\t\t\t<div class=\"elementor-element elementor-element-450db75 elementor-view-default elementor-widget elementor-widget-icon\" data-id=\"450db75\" data-element_type=\"widget\" data-widget_type=\"icon.default\">\n\t\t\t\t<div class=\"elementor-widget-container\">\n\t\t\t\t\t<div class=\"elementor-icon-wrapper\">\n\t\t\t<div class=\"elementor-icon\">\n\t\t\t<svg aria-hidden=\"true\" class=\"e-font-icon-svg e-far-newspaper\" viewBox=\"0 0 576 512\" xmlns=\"http:\/\/www.w3.org\/2000\/svg\"><path d=\"M552 64H112c-20.858 0-38.643 13.377-45.248 32H24c-13.255 0-24 10.745-24 24v272c0 30.928 25.072 56 56 56h496c13.255 0 24-10.745 24-24V88c0-13.255-10.745-24-24-24zM48 392V144h16v248c0 4.411-3.589 8-8 8s-8-3.589-8-8zm480 8H111.422c.374-2.614.578-5.283.578-8V112h416v288zM172 280h136c6.627 0 12-5.373 12-12v-96c0-6.627-5.373-12-12-12H172c-6.627 0-12 5.373-12 12v96c0 6.627 5.373 12 12 12zm28-80h80v40h-80v-40zm-40 140v-24c0-6.627 5.373-12 12-12h136c6.627 0 12 5.373 12 12v24c0 6.627-5.373 12-12 12H172c-6.627 0-12-5.373-12-12zm192 0v-24c0-6.627 5.373-12 12-12h104c6.627 0 12 5.373 12 12v24c0 6.627-5.373 12-12 12H364c-6.627 0-12-5.373-12-12zm0-144v-24c0-6.627 5.373-12 12-12h104c6.627 0 12 5.373 12 12v24c0 6.627-5.373 12-12 12H364c-6.627 0-12-5.373-12-12zm0 72v-24c0-6.627 5.373-12 12-12h104c6.627 0 12 5.373 12 12v24c0 6.627-5.373 12-12 12H364c-6.627 0-12-5.373-12-12z\"><\/path><\/svg>\t\t\t<\/div>\n\t\t<\/div>\n\t\t\t\t<\/div>\n\t\t\t\t<\/div>\n\t\t\t\t<div class=\"elementor-element elementor-element-861b647 elementor-widget elementor-widget-heading\" data-id=\"861b647\" data-element_type=\"widget\" data-widget_type=\"heading.default\">\n\t\t\t\t<div class=\"elementor-widget-container\">\n\t\t\t<h2 class=\"elementor-heading-title elementor-size-default\">NOT\u00cdCIAS<\/h2>\t\t<\/div>\n\t\t\t\t<\/div>\n\t\t\t\t\t<\/div>\n\t\t\t\t<\/div>\n\t\t\t\t<div class=\"elementor-element elementor-element-d0a96dd elementor-grid-3 elementor-grid-tablet-2 elementor-grid-mobile-1 elementor-posts--thumbnail-top elementor-card-shadow-yes elementor-posts__hover-gradient elementor-widget elementor-widget-posts\" data-id=\"d0a96dd\" data-element_type=\"widget\" data-settings=\"{&quot;pagination_type&quot;:&quot;numbers&quot;,&quot;cards_columns&quot;:&quot;3&quot;,&quot;cards_columns_tablet&quot;:&quot;2&quot;,&quot;cards_columns_mobile&quot;:&quot;1&quot;,&quot;cards_row_gap&quot;:{&quot;unit&quot;:&quot;px&quot;,&quot;size&quot;:35,&quot;sizes&quot;:[]},&quot;cards_row_gap_tablet&quot;:{&quot;unit&quot;:&quot;px&quot;,&quot;size&quot;:&quot;&quot;,&quot;sizes&quot;:[]},&quot;cards_row_gap_mobile&quot;:{&quot;unit&quot;:&quot;px&quot;,&quot;size&quot;:&quot;&quot;,&quot;sizes&quot;:[]}}\" data-widget_type=\"posts.cards\">\n\t\t\t\t<div class=\"elementor-widget-container\">\n\t\t\t\t\t<div class=\"elementor-posts-container elementor-posts elementor-posts--skin-cards elementor-grid\">\n\t\t\t\t<article class=\"elementor-post elementor-grid-item post-1236 post type-post status-publish format-standard has-post-thumbnail hentry category-sem-categoria\">\n\t\t\t<div class=\"elementor-post__card\">\n\t\t\t\t<a class=\"elementor-post__thumbnail__link\" href=\"https:\/\/apaeitaunamg.org.br\/site\/edital-de-convocacao-assembleia-geral-eleicao-apae-itauna\/\" tabindex=\"-1\" ><div class=\"elementor-post__thumbnail\"><img decoding=\"async\" width=\"200\" height=\"200\" src=\"https:\/\/apaeitaunamg.org.br\/site\/wp-content\/uploads\/2025\/10\/urna-4.jpg\" class=\"attachment-medium size-medium wp-image-1240\" alt=\"\" srcset=\"https:\/\/apaeitaunamg.org.br\/site\/wp-content\/uploads\/2025\/10\/urna-4.jpg 200w, https:\/\/apaeitaunamg.org.br\/site\/wp-content\/uploads\/2025\/10\/urna-4-150x150.jpg 150w\" sizes=\"(max-width: 200px) 100vw, 200px\" \/><\/div><\/a>\n\t\t\t\t<div class=\"elementor-post__text\">\n\t\t\t\t<h3 class=\"elementor-post__title\">\n\t\t\t<a href=\"https:\/\/apaeitaunamg.org.br\/site\/edital-de-convocacao-assembleia-geral-eleicao-apae-itauna\/\" >\n\t\t\t\tEDITAL DE CONVOCA\u00c7\u00c3O ASSEMBLEIA GERAL ELEI\u00c7\u00c3O APAE ITA\u00daNA\t\t\t<\/a>\n\t\t<\/h3>\n\t\t\t\t<div class=\"elementor-post__excerpt\">\n\t\t\t\t\t<\/div>\n\t\t\n\t\t<a class=\"elementor-post__read-more\" href=\"https:\/\/apaeitaunamg.org.br\/site\/edital-de-convocacao-assembleia-geral-eleicao-apae-itauna\/\" aria-label=\"Read more about EDITAL DE CONVOCA\u00c7\u00c3O ASSEMBLEIA GERAL ELEI\u00c7\u00c3O APAE ITA\u00daNA\" tabindex=\"-1\" >\n\t\t\tLeia mais \u00bb\t\t<\/a>\n\n\t\t\t\t<\/div>\n\t\t\t\t<div class=\"elementor-post__meta-data\">\n\t\t\t\t\t<span class=\"elementor-post-date\">\n\t\t\t13 de outubro de 2025\t\t<\/span>\n\t\t\t\t<\/div>\n\t\t\t\t\t<\/div>\n\t\t<\/article>\n\t\t\t\t<article class=\"elementor-post elementor-grid-item post-1145 post type-post status-publish format-standard has-post-thumbnail hentry category-sem-categoria\">\n\t\t\t<div class=\"elementor-post__card\">\n\t\t\t\t<a class=\"elementor-post__thumbnail__link\" href=\"https:\/\/apaeitaunamg.org.br\/site\/orica-na-apae-de-itauna\/\" tabindex=\"-1\" ><div class=\"elementor-post__thumbnail\"><img fetchpriority=\"high\" decoding=\"async\" width=\"300\" height=\"169\" src=\"https:\/\/apaeitaunamg.org.br\/site\/wp-content\/uploads\/2024\/11\/destaque-orita-300x169.webp\" class=\"attachment-medium size-medium wp-image-1176\" alt=\"\" srcset=\"https:\/\/apaeitaunamg.org.br\/site\/wp-content\/uploads\/2024\/11\/destaque-orita-300x169.webp 300w, https:\/\/apaeitaunamg.org.br\/site\/wp-content\/uploads\/2024\/11\/destaque-orita-1024x576.webp 1024w, https:\/\/apaeitaunamg.org.br\/site\/wp-content\/uploads\/2024\/11\/destaque-orita-768x432.webp 768w, https:\/\/apaeitaunamg.org.br\/site\/wp-content\/uploads\/2024\/11\/destaque-orita.webp 1200w\" sizes=\"(max-width: 300px) 100vw, 300px\" \/><\/div><\/a>\n\t\t\t\t<div class=\"elementor-post__text\">\n\t\t\t\t<h3 class=\"elementor-post__title\">\n\t\t\t<a href=\"https:\/\/apaeitaunamg.org.br\/site\/orica-na-apae-de-itauna\/\" >\n\t\t\t\t\u00d3RICA NA APAE DE ITA\u00daNA\t\t\t<\/a>\n\t\t<\/h3>\n\t\t\t\t<div class=\"elementor-post__excerpt\">\n\t\t\t<p>Na \u00faltima semana, tivemos o privil\u00e9gio de receber os funcion\u00e1rios da empresa \u00d3rica em um dia de muita intera\u00e7\u00e3o e alegria com nossos alunos e atendidos. A manh\u00e3 foi repleta<\/p>\n\t\t<\/div>\n\t\t\n\t\t<a class=\"elementor-post__read-more\" href=\"https:\/\/apaeitaunamg.org.br\/site\/orica-na-apae-de-itauna\/\" aria-label=\"Read more about \u00d3RICA NA APAE DE ITA\u00daNA\" tabindex=\"-1\" >\n\t\t\tLeia mais \u00bb\t\t<\/a>\n\n\t\t\t\t<\/div>\n\t\t\t\t<div class=\"elementor-post__meta-data\">\n\t\t\t\t\t<span class=\"elementor-post-date\">\n\t\t\t2 de novembro de 2024\t\t<\/span>\n\t\t\t\t<\/div>\n\t\t\t\t\t<\/div>\n\t\t<\/article>\n\t\t\t\t<article class=\"elementor-post elementor-grid-item post-1141 post type-post status-publish format-standard has-post-thumbnail hentry category-sem-categoria\">\n\t\t\t<div class=\"elementor-post__card\">\n\t\t\t\t<a class=\"elementor-post__thumbnail__link\" href=\"https:\/\/apaeitaunamg.org.br\/site\/conheca-o-impactapae\/\" tabindex=\"-1\" ><div class=\"elementor-post__thumbnail\"><img decoding=\"async\" width=\"300\" height=\"172\" src=\"https:\/\/apaeitaunamg.org.br\/site\/wp-content\/uploads\/2024\/11\/IMPACTAPAE-4-copiar-300x172.webp\" class=\"attachment-medium size-medium wp-image-1142\" alt=\"\" srcset=\"https:\/\/apaeitaunamg.org.br\/site\/wp-content\/uploads\/2024\/11\/IMPACTAPAE-4-copiar-300x172.webp 300w, https:\/\/apaeitaunamg.org.br\/site\/wp-content\/uploads\/2024\/11\/IMPACTAPAE-4-copiar-1024x586.webp 1024w, https:\/\/apaeitaunamg.org.br\/site\/wp-content\/uploads\/2024\/11\/IMPACTAPAE-4-copiar-768x440.webp 768w, https:\/\/apaeitaunamg.org.br\/site\/wp-content\/uploads\/2024\/11\/IMPACTAPAE-4-copiar.webp 1237w\" sizes=\"(max-width: 300px) 100vw, 300px\" \/><\/div><\/a>\n\t\t\t\t<div class=\"elementor-post__text\">\n\t\t\t\t<h3 class=\"elementor-post__title\">\n\t\t\t<a href=\"https:\/\/apaeitaunamg.org.br\/site\/conheca-o-impactapae\/\" >\n\t\t\t\tConhe\u00e7a o ImpactAPAE\t\t\t<\/a>\n\t\t<\/h3>\n\t\t\t\t<div class=\"elementor-post__excerpt\">\n\t\t\t<p>O ImpactAPAE \u00e9 um projeto de pesquisa baseado no Projeto ImPACT implementado nos Estados Unidos e no Canad\u00e1, onde se desenvolveu a interven\u00e7\u00e3o mediada pelos pais de crian\u00e7as com transtorno<\/p>\n\t\t<\/div>\n\t\t\n\t\t<a class=\"elementor-post__read-more\" href=\"https:\/\/apaeitaunamg.org.br\/site\/conheca-o-impactapae\/\" aria-label=\"Read more about Conhe\u00e7a o ImpactAPAE\" tabindex=\"-1\" >\n\t\t\tLeia mais \u00bb\t\t<\/a>\n\n\t\t\t\t<\/div>\n\t\t\t\t<div class=\"elementor-post__meta-data\">\n\t\t\t\t\t<span class=\"elementor-post-date\">\n\t\t\t2 de novembro de 2024\t\t<\/span>\n\t\t\t\t<\/div>\n\t\t\t\t\t<\/div>\n\t\t<\/article>\n\t\t\t\t<article class=\"elementor-post elementor-grid-item post-1138 post type-post status-publish format-standard has-post-thumbnail hentry category-sem-categoria\">\n\t\t\t<div class=\"elementor-post__card\">\n\t\t\t\t<a class=\"elementor-post__thumbnail__link\" href=\"https:\/\/apaeitaunamg.org.br\/site\/54-anos-da-apae\/\" tabindex=\"-1\" ><div class=\"elementor-post__thumbnail\"><img loading=\"lazy\" decoding=\"async\" width=\"300\" height=\"169\" src=\"https:\/\/apaeitaunamg.org.br\/site\/wp-content\/uploads\/2024\/11\/54-anos-da-apae-copiar-300x169.webp\" class=\"attachment-medium size-medium wp-image-1139\" alt=\"\" srcset=\"https:\/\/apaeitaunamg.org.br\/site\/wp-content\/uploads\/2024\/11\/54-anos-da-apae-copiar-300x169.webp 300w, https:\/\/apaeitaunamg.org.br\/site\/wp-content\/uploads\/2024\/11\/54-anos-da-apae-copiar-1024x576.webp 1024w, https:\/\/apaeitaunamg.org.br\/site\/wp-content\/uploads\/2024\/11\/54-anos-da-apae-copiar-768x432.webp 768w, https:\/\/apaeitaunamg.org.br\/site\/wp-content\/uploads\/2024\/11\/54-anos-da-apae-copiar-1536x864.webp 1536w, https:\/\/apaeitaunamg.org.br\/site\/wp-content\/uploads\/2024\/11\/54-anos-da-apae-copiar.webp 1920w\" sizes=\"(max-width: 300px) 100vw, 300px\" \/><\/div><\/a>\n\t\t\t\t<div class=\"elementor-post__text\">\n\t\t\t\t<h3 class=\"elementor-post__title\">\n\t\t\t<a href=\"https:\/\/apaeitaunamg.org.br\/site\/54-anos-da-apae\/\" >\n\t\t\t\t54 ANOS DA APAE\t\t\t<\/a>\n\t\t<\/h3>\n\t\t\t\t<div class=\"elementor-post__excerpt\">\n\t\t\t<p>A APAE de Ita\u00fana completa 54 anos neste ano de 2024. Mais de 5 d\u00e9cadas desempenhando atendimento especializado para a crian\u00e7as e adultos com defici\u00eancia intelectual e m\u00faltipla. Trabalhos iniciados<\/p>\n\t\t<\/div>\n\t\t\n\t\t<a class=\"elementor-post__read-more\" href=\"https:\/\/apaeitaunamg.org.br\/site\/54-anos-da-apae\/\" aria-label=\"Read more about 54 ANOS DA APAE\" tabindex=\"-1\" >\n\t\t\tLeia mais \u00bb\t\t<\/a>\n\n\t\t\t\t<\/div>\n\t\t\t\t<div class=\"elementor-post__meta-data\">\n\t\t\t\t\t<span class=\"elementor-post-date\">\n\t\t\t2 de novembro de 2024\t\t<\/span>\n\t\t\t\t<\/div>\n\t\t\t\t\t<\/div>\n\t\t<\/article>\n\t\t\t\t<\/div>\n\t\t\n\t\t\t\t<\/div>\n\t\t\t\t<\/div>\n\t\t\t\t\t<\/div>\n\t\t\t\t<\/div>\n\t\t\t\t<\/div>\n\t\t","protected":false},"excerpt":{"rendered":"<p>NOT\u00cdCIAS<\/p>\n","protected":false},"author":1,"featured_media":0,"parent":0,"menu_order":0,"comment_status":"closed","ping_status":"closed","template":"","meta":{"footnotes":""},"class_list":["post-14","page","type-page","status-publish","hentry"],"_links":{"self":[{"href":"https:\/\/apaeitaunamg.org.br\/site\/wp-json\/wp\/v2\/pages\/14","targetHints":{"allow":["GET"]}}],"collection":[{"href":"https:\/\/apaeitaunamg.org.br\/site\/wp-json\/wp\/v2\/pages"}],"about":[{"href":"https:\/\/apaeitaunamg.org.br\/site\/wp-json\/wp\/v2\/types\/page"}],"author":[{"embeddable":true,"href":"https:\/\/apaeitaunamg.org.br\/site\/wp-json\/wp\/v2\/users\/1"}],"replies":[{"embeddable":true,"href":"https:\/\/apaeitaunamg.org.br\/site\/wp-json\/wp\/v2\/comments?post=14"}],"version-history":[{"count":38,"href":"https:\/\/apaeitaunamg.org.br\/site\/wp-json\/wp\/v2\/pages\/14\/revisions"}],"predecessor-version":[{"id":449,"href":"https:\/\/apaeitaunamg.org.br\/site\/wp-json\/wp\/v2\/pages\/14\/revisions\/449"}],"wp:attachment":[{"href":"https:\/\/apaeitaunamg.org.br\/site\/wp-json\/wp\/v2\/media?parent=14"}],"curies":[{"name":"wp","href":"https:\/\/api.w.org\/{rel}","templated":true}]}}